Is 581406 a multiple of 218?
True
Is 12 a factor of 11331909?
False
Is 968480 a multiple of 10?
True
Is 294 a factor of 21349?
False
Does 17 divide 135363?
False
Is 38 a factor of 605395?
False
Does 27 divide 30675587?
False
Is 2 a factor of 14784?
True
Is 147134 a multiple of 13?
True
Is 632 a factor of 501928?
False
Is 906 a factor of 6110064?
True
Is 842580 a multiple of 12?
True
Is 10 a factor of 329320?
True
Is 316 a factor of 9243421?
False
Is 525 a factor of 116200?
False
Is 3221636 a multiple of 59?
True
Is 81700 a multiple of 19?
True
Does 79 divide 48506?
True
Is 18898 a multiple of 22?
True
Is 1137570 a multiple of 105?
True
Is 14 a factor of 638245?
False
Does 6 divide 1423565?
False
Is 300 a factor of 250800?
True
Does 245 divide 9580725?
True
Does 137 divide 70692?
True
Is 5436723 a multiple of 13?
False
Does 13 divide 190189?
False
Does 5 divide 393665?
True
Is 235247 a multiple of 185?
False
Is 26 a factor of 81510?
True
Is 10 a factor of 704300?
True
Does 17 divide 195772?
True
Is 120257 a multiple of 235?
False
Is 8486 even?
True
Is 110 a factor of 45942?
False
Is 2205697 a multiple of 383?
True
Does 11 divide 220589?
False
Is 11 a factor of 853575?
False
Is 61 a factor of 2798141?
False
Is 47 a factor of 405706?
False
Is 80224 a multiple of 16?
True
Does 400 divide 1601200?
True
Is 7585689 a multiple of 177?
True
Is 104 a factor of 1213264?
True
Is 172917 a multiple of 519?
False
Is 16 a factor of 193568?
True
Is 28 a factor of 38204?
False
Does 7 divide 3112340?
True
Does 136 divide 3004512?
True
Is 211706 a multiple of 3?
False
Is 82 a factor of 2650604?
False
Is 32 a factor of 57808?
False
Is 165 a factor of 25371?
False
Is 8 a factor of 54152?
True
Does 9 divide 60489?
True
Is 105 a factor of 94209?
False
Is 494235 a multiple of 315?
True
Is 5999448 a multiple of 104?
True
Is 279 a factor of 196137?
True
Does 219 divide 59349?
True
Is 1436438 a multiple of 354?
False
Is 32 a factor of 2328256?
True
Is 124212 a multiple of 11?
True
Is 20 a factor of 476540?
True
Is 10 a factor of 440410?
True
Is 5 a factor of 148153?
False
Is 485 a factor of 261490?
False
Does 45 divide 72675?
True
Is 12775489 a multiple of 76?
False
Is 136154 a multiple of 24?
False
Does 6 divide 19729?
False
Does 8 divide 257052?
False
Does 4 divide 83805?
False
Is 14225412 a multiple of 87?
False
Is 90643 a multiple of 7?
True
Does 19 divide 4436812?
False
Is 11 a factor of 3157666?
False
Does 3 divide 11031?
True
Is 32 a factor of 2485142?
False
Does 14 divide 72534?
True
Is 221346 a multiple of 298?
False
Is 57 a factor of 1774866?
True
Is 3636313 a multiple of 26?
False
Does 101 divide 20847107?
True
Is 587884 a multiple of 75?
False
Is 5606952 a multiple of 126?
False
Is 20143890 a multiple of 15?
True
Does 17 divide 130880?
False
Does 28 divide 57669?
False
Is 991 a factor of 8994999?
False
Is 564146 a multiple of 37?
False
Does 8 divide 1920219?
False
Is 982534 a multiple of 6?
False
Is 52496 a multiple of 185?
False
Is 188700 a multiple of 372?
False
Is 180 a factor of 610449?
False
Does 23 divide 379546?
True
Does 266 divide 93366?
True
Is 2562976 a multiple of 101?
True
Does 3 divide 151446?
True
Is 809456 a multiple of 16?
True
Is 473174 a multiple of 52?
False
Is 240 a factor of 44400?
True
Is 16 a factor of 893294?
False
Does 303 divide 346329?
True
Is 4013827 a multiple of 45?
False
Is 26855 a multiple of 35?
False
Does 33 divide 244527?
False
Is 268602 a multiple of 89?
True
Is 14 a factor of 217008?
False
Is 53 a factor of 224410?
False
Is 155 a factor of 2087386?
False
Does 152 divide 2659544?
True
Does 185 divide 794945?
True
Does 258 divide 1348?
False
Is 661 a factor of 2092065?
True
Is 30 a factor of 11761?
False
Is 12367518 a multiple of 38?
True
Does 411 divide 439323?
False
Does 174 divide 446307?
False
Does 4 divide 38556?
True
Is 104 a factor of 111915?
False
Is 62 a factor of 46934?
True
Does 4 divide 197100?
True
Is 235 a factor of 177316?
False
Is 25479 a multiple of 38?
False
Is 11 a factor of 1643114?
True
Does 365 divide 7450701?
False
Is 38158 a multiple of 6?
False
Is 66 a factor of 154641?
False
Does 13 divide 953823?
True
Is 877990 a multiple of 125?
False
Does 82 divide 508482?
True
Is 173466 a multiple of 41?
False
Is 130 a factor of 70460?
True
Is 207934 a multiple of 5?
False
Does 53 divide 99672?
False
Does 116 divide 80447?
False
Is 192 a factor of 6336?
True
Is 7780 a multiple of 10?
True
Is 11 a factor of 1622358?
False
Is 586 a factor of 2975502?
False
Is 26557 a multiple of 11?
False
Is 615317 a multiple of 40?
False
Is 24 a factor of 322008?
True
Is 30 a factor of 194338?
False
Is 72189 a multiple of 6?
False
Is 36 a factor of 1548927?
False
Is 14 a factor of 14006370?
True
Does 8 divide 2067088?
True
Does 1019 divide 4202503?
False
Is 2043678 a multiple of 769?
False
Does 343 divide 5227725?
False
Does 44 divide 115281?
False
Is 797400 a multiple of 360?
True
Does 57 divide 5172615?
False
Does 31 divide 2037196?
True
Does 58 divide 115304?
True
Does 7 divide 375429?
False
Is 14874674 a multiple of 196?
False
Does 9 divide 401715?
True
Is 72 a factor of 381456?
True
Is 1610309 a multiple of 156?
False
Does 437 divide 442076?
False
Is 45 a factor of 2815721?
False
Is 6893285 a multiple of 5?
True
Does 153 divide 389691?
True
Does 5 divide 41805?
True
Is 94387 a multiple of 12?
False
Does 7 divide 2679412?
False
Does 14 divide 3672501?
False
Is 34022 a multiple of 31?
False
Is 12 a factor of 78972?
True
Does 65 divide 4898453?
False
Is 2560889 a multiple of 103?
True
Is 111785 a multiple of 480?
False
Is 347 a factor of 2461271?
True
Is 1765032 a multiple of 251?
True
Is 8525751 a multiple of 18?
False
Is 265391 a multiple of 187?
False
Is 17 a factor of 41344?
True
Is 333 a factor of 1100903?
False
Is 660021 a multiple of 3?
True
Does 141 divide 4744777?
False
Is 145 a factor of 129307?
False
Is 75224 a multiple of 104?
False
Is 91485 a multiple of 76?
False
Does 71 divide 968937?
True
Is 46 a factor of 1244300?
True
Does 155 divide 1168345?
False
Is 158522 a multiple of 7?
True
Is 88236 a multiple of 43?
True
Does 208 divide 522041?
False
Is 282 a factor of 463890?
True
Is 347256 a multiple of 84?
True
Is 11 a factor of 9505518?
True
Does 36 divide 11592?
True
Is 9020250 a multiple of 1266?
True
Is 84 a factor of 5982908?
False
Does 13 divide 43836?
True
Is 158 a factor of 9260064?
True
Is 652331 a multiple of 259?
False
Is 148320 a multiple of 15?
True
Is 88850 a multiple of 24?
False
Is 215 a factor of 215215?
True
Does 498 divide 2331065?
False
Does 291 divide 244440?
True
Is 521 a factor of 1235812?
True
Is 14 a factor of 146351?
False
Is 1173 a factor of 8871635?
False
Is 92 a factor of 46876?
False
Is 15532 a multiple of 53?
False
Is 19 a factor of 132411?
True
Does 5 divide 37375?
True
Is 3 a factor of 21489?
True
Is 29 a factor of 1905010?
True
Is 18 a factor of 365312?
False
Is 17 a factor of 123408?
False
Is 35 a factor of 198590?
True
Does 338 divide 4403126?
True
Is 384 a factor of 965244?
False
Is 1190742 a multiple of 6?
True
Does 10 divide 49960?
True
Is 67 a factor of 153054?
False
Is 1102559 a multiple of 246?
False
Does 17 divide 994347?
True
Does 18 divide 1189998?
True
Is 378 a factor of 77302?
False
Is 44246 a multiple of 136?
False
Does 17 divide 1092998?
True
Is 829301 a multiple of 153?
False
Does 71 divide 383613?
True
Is 70 a factor of 115694?
False
Does 37 divide 295473?
False
Is 382732 a multiple of 49?
False
Is 214223 a multiple of 123?
False
Is 39 a factor of 449748?
True
Does 334 divide 1020036?
True
Is 94335 a multiple of 285?
True
Is 828828 a multiple of 143?
True
Does 140 divide 55059?
False
Is 691374 a multiple of 122?
True
Is 710415 a multiple of 15?
True
Does 123 divide 89667?
True
Does 56 divide 240183?
False
Is 347037 a multiple of 56?
False
Does 174 divide 3415794?
True
Is 386 a factor of 7900262?
True
Does 9 divide 391185?
True
Is 23479 a multiple of 3?
False
Is 14379774 a multiple of 61?
True
Is 19617 a multiple of 13?
True
Does 8 divide 3297312?
True
Does 5 divide 83806?
False
Does 56 divide 29288?
True
Is 44 a factor of 101280?
False
Is 431114 a multiple of 58?
True
Is 2079570 a multiple of 10?
True
Is 5965393 a multiple of 56?
False
Is 104 a factor of 314704